27
What is the greatest common divisor of 651 and 147?
21
Calculate the highest common divisor of 6 and 933.
3
What is the greatest common factor of 390 and 1040?
130
Calculate the highest common divisor of 3 and 3.
3
Calculate the highest common factor of 420 and 60.
60
Calculate the highest common divisor of 286 and 462.
22
Calculate the greatest common divisor of 2358 and 9.
9
What is the highest common divisor of 99 and 2871?
99
What is the highest common divisor of 132 and 231?
33
Calculate the highest common factor of 99 and 36.
9
Calculate the greatest common divisor of 12 and 501.
3
Calculate the highest common divisor of 10 and 1170.
10
Calculate the highest common divisor of 12 and 32.
4
What is the greatest common divisor of 1232 and 21?
7
Calculate the greatest common divisor of 123 and 41.
41
What is the highest common factor of 57 and 741?
57
What is the greatest common divisor of 26 and 559?
13
What is the highest common divisor of 138 and 24?
6
What is the greatest common divisor of 435 and 609?
87
What is the highest common divisor of 531 and 708?
177
What is the highest common divisor of 187 and 143?
11
What is the highest common factor of 2880 and 540?
180
What is the highest common divisor of 5 and 35?
5
Calculate the greatest common divisor of 529 and 23.
23
What is the greatest common factor of 22 and 4103?
11
What is the greatest common divisor of 20 and 256?
4
Calculate the greatest common divisor of 8 and 5720.
8
What is the greatest common factor of 1390 and 10?
10
Calculate the highest common divisor of 120 and 9504.
24
What is the greatest common factor of 25 and 7000?
25
What is the greatest common factor of 2666 and 2322?
86
What is the greatest common factor of 256 and 224?
32
What is the highest common factor of 10 and 730?
10
What is the greatest common divisor of 464 and 87?
29
Calculate the greatest common divisor of 287 and 56.
7
What is the greatest common factor of 98 and 1666?
98
What is the greatest common factor of 35 and 175?
35
Calculate the greatest common factor of 89 and 445.
89
Calculate the highest common factor of 40 and 40.
40
Calculate the greatest common factor of 204 and 42.
6
What is the greatest common factor of 1863 and 23?
23
What is the highest common factor of 19 and 4?
1
What is the highest common divisor of 2 and 50?
2
Calculate the highest common factor of 9 and 27.
9
Calculate the highest common divisor of 87 and 87.
87
What is the greatest common factor of 30 and 2340?
30
What is the greatest common factor of 154 and 4851?
77
What is the highest common divisor of 1216 and 76?
76
What is the highest common factor of 103 and 4223?
103
Calculate the greatest common factor of 420 and 90.
30
What is the greatest common divisor of 1670 and 18704?
334
What is the highest common divisor of 185 and 55?
5
Calculate the greatest common divisor of 315 and 105.
105
What is the greatest common divisor of 425 and 50?
25
What is the greatest common divisor of 52 and 6?
2
Calculate the greatest common factor of 13856 and 64.
32
What is the greatest common divisor of 22 and 22?
22
Calculate the highest common factor of 1998 and 74.
74
What is the greatest common factor of 1918 and 14?
14
What is the greatest common factor of 2292 and 132?
12
What is the greatest common divisor of 448 and 280?
56
Calculate the highest common factor of 41 and 5.
1
What is the greatest common divisor of 1240 and 60?
20
Calculate the greatest common divisor of 1547 and 325.
13
What is the highest common factor of 62 and 1798?
62
What is the greatest common divisor of 1698 and 6?
6
What is the highest common factor of 3904 and 122?
122
What is the greatest common divisor of 35 and 910?
35
Calculate the greatest common factor of 6 and 246.
6
Calculate the greatest common divisor of 15 and 885.
15
Calculate the greatest common divisor of 2982 and 210.
42
What is the greatest common divisor of 3 and 21?
3
Calculate the greatest common divisor of 2475 and 792.
99
Calculate the highest common factor of 144 and 75.
3
Calculate the highest common factor of 658 and 98.
14
Calculate the greatest common factor of 67 and 21239.
67
What is the greatest common divisor of 2 and 493?
1
Calculate the greatest common factor of 951 and 21.
3
Calculate the greatest common divisor of 8 and 2.
2
What is the greatest common factor of 576 and 64?
64
Calculate the highest common divisor of 3431 and 73.
73
What is the highest common factor of 675 and 27?
27
Calculate the greatest common factor of 63328 and 32.
32
Calculate the greatest common divisor of 61 and 1159.
61
What is the greatest common factor of 174 and 462?
6
Calculate the highest common factor of 309 and 1751.
103
What is the highest common divisor of 70 and 280?
70
Calculate the highest common factor of 198 and 1276.
22
What is the highest common divisor of 1551 and 99?
33
Calculate the highest common divisor of 98 and 102.
2
Calculate the greatest common divisor of 264 and 1518.
66
Calculate the greatest common factor of 990 and 315.
45
Calculate the highest common factor of 20 and 1340.
20
Calculate the greatest common factor of 3287 and 4152.
173
What is the greatest common factor of 95 and 5?
5
Calculate the highest common divisor of 128 and 1816.
8
What is the greatest common factor of 22 and 1166?
22
What is the greatest common divisor of 118 and 767?
59
Calculate the highest common divisor of 10988 and 492.
164
What is the highest common factor of 13561 and 71?
71
Calculate the highest common factor of 303 and 1414.
101
What is the greatest common factor of 47 and 13?
1
What is the highest common factor of 351 and 2379?
39
What is the highest common factor of 8 and 1464?
8
What is the highest common factor of 11 and 4631?
11
What is the highest common divisor of 5629 and 65?
13
Calculate the greatest common divisor of 136 and 10472.
136
What is the greatest common divisor of 91 and 52?
13
Calculate the highest common divisor of 567 and 21.
21
Calculate the highest common factor of 35272 and 24.
8
Calculate the greatest common factor of 37 and 1591.
37
Calculate the greatest common factor of 3573 and 9.
9
Calculate the highest common divisor of 18 and 2934.
18
Calculate the greatest common factor of 19 and 1007.
19
Calculate the highest common factor of 1659 and 21.
21
Calculate the highest common divisor of 996 and 30.
6
What is the greatest common divisor of 21 and 1113?
21
What is the greatest common divisor of 1729 and 7?
7
What is the highest common divisor of 143 and 52?
13
Calculate the highest common divisor of 1602 and 445.
89
Calculate the greatest common factor of 32968 and 52.
52
Calculate the greatest common divisor of 12 and 342.
6
What is the greatest common factor of 13 and 77831?
13
What is the highest common factor of 7009 and 43?
43
What is the greatest common divisor of 5597 and 1351?
193
What is the greatest common factor of 645 and 36?
3
What is the highest common divisor of 756 and 819?
63
Calculate the highest common factor of 8 and 54.
2
Calculate the highest common divisor of 2 and 2.
2
Calculate the greatest common divisor of 123 and 1681.
41
Calculate the highest common factor of 87 and 174.
87
Calculate the greatest common divisor of 98 and 70.
14
Calculate the greatest common divisor of 18 and 1386.
18
Calculate the greatest common divisor of 1420 and 60.
20
What is the highest common divisor of 2142 and 98?
14
Calculate the highest common divisor of 154 and 70.
14
What is the highest common factor of 286 and 2548?
26
Calculate the highest common factor of 122 and 16.
2
What is the highest common divisor of 133588 and 14?
14
What is the highest common divisor of 164 and 44?
4
What is the greatest common divisor of 27 and 6?
3
What is the greatest common factor of 123 and 156?
3
What is the highest common factor of 252 and 189?
63
Calculate the highest common divisor of 180 and 1050.
30
What is the highest common divisor of 34 and 731?
17
Calculate the highest common divisor of 24 and 30696.
24
Calculate the highest common divisor of 2222 and 505.
101
What is the greatest common divisor of 54 and 1998?
54
Calculate the highest common divisor of 28 and 1372.
28
What is the highest common divisor of 2 and 523?
1
What is the greatest common div